t(-3).
-45
Let a(j) = 11*j - 65. Calculate a(-2).
-87
Let x(k) = k**3 - 40*k**2 + 46*k - 316. Calculate x(39).
-43
Let l(q) = q**3 + 5*q**2 - 6*q - 23. Determine l(-3).
13
Let j(h) = 3*h**3 - 249*h**2 - 238*h - 1185. What is j(84)?
-9
Let f(s) = s**3 + 145*s**2 + 2602*s - 249. What is f(-124)?
-1
Let w(p) = 4*p**2 + 15*p - 7434. Give w(-45).
-9
Let d(k) = -181*k**2 - 4705*k - 2. Give d(-26).
-28
Let r(f) = f**3 + 3*f**2 - 16*f - 46. What is r(-3)?
2
Let w(s) = s**2 - 95*s + 1663. Give w(22).
57
Let t(x) = -76*x - 1479. What is t(-19)?
-35
Let f(o) = -o**2 + 8*o + 110. Determine f(18).
-70
Let n(r) = -r**2 - 36*r - 79. Determine n(-34).
-11
Let w(c) = -5*c**2 + 18*c + 36. Determine w(-3).
-63
Let r(m) = 2*m**2 - 62*m - 100. What is r(32)?
-36
Let y(k) = 14*k**2 - 359*k + 123. Calculate y(25).
-102
Let b(j) = 62*j**2 + 408*j - 407. Calculate b(1).
63
Let y(t) = -t**2 + 572*t + 12461. Calculate y(-21).
8
Let s(m) = -m**2 - 48*m - 605. Calculate s(-17).
-78
Let k(r) = 47*r - 1742. What is k(37)?
-3
Let q(x) = -153*x**2 + x. Calculate q(-1).
-154
Let d(n) = -n + 6. Calculate d(1).
5
Let p(c) = -c**2 + 2*c - 23. Determine p(-7).
-86
Let u(c) = 80*c + 219. Calculate u(-5).
-181
Let h(s) = 35*s - 1896. Determine h(54).
-6
Let z(q) = 295*q - 2170. What is z(7)?
-105
Let y(g) = 15*g**3 + 2*g**2 - 5*g + 4. Determine y(1).
16
Let u(b) = 8*b**2 - 626*b + 151. Give u(78).
-5
Let h(q) = q**3 - 35*q**2 + 72*q - 176. Calculate h(33).
22
Let d(r) = 4003*r - 200155. Determine d(50).
-5
Let s(x) = x**2 - 35*x + 298. What is s(26)?
64
Let i(x) = 867*x**2 - 8670*x. Give i(10).
0
Let p(f) = -19*f**2 - 118*f - 154. What is p(-4)?
14
Let t(f) = 2*f**2 - 34*f + 38. What is t(17)?
38
Let o(n) = 190*n - 750. Give o(4).
10
Let f(q) = -q**3 + 69*q**2 - 1099*q - 38. Determine f(44).
6
Let o(x) = x**2 + 27*x - 58. Give o(-24).
-130
Let w(c) = 5*c**2 - 80*c - 119. Give w(17).
-34
Let x(s) = 785*s - 3147. Give x(4).
-7
Let h(c) = -c**3 + 16*c**2 + 22*c - 49. What is h(17)?
36
Let y(b) = 10*b - 116. Determine y(17).
54
Let h(x) = 64*x**2 + 893*x - 51. Give h(-14).
-9
Let i(t) = 130*t - 4661. Determine i(36).
19
Let z(f) = 17*f**2 + 196*f - 11. What is z(-12)?
85
Let s(a) = a**2 + 76*a - 972. What is s(12)?
84
Let z(s) = 7*s**2 - 101*s - 56. Determine z(15).
4
Let q(v) = -39*v - 1043. Determine q(-25).
-68
Let t(f) = f**3 + 7*f**2 - 15. What is t(3)?
75
Let w(h) = -6*h**3 - 9*h - 24. What is w(-2)?
42
Let n(k) = 4*k**3 + 275*k**2 - 75*k - 377. Determine n(-69).
37
Let x(p) = p**2 + 326*p + 6709. Give x(-22).
21
Let l(i) = i**3 - 6*i**2 - 9*i - 4. Determine l(4).
-72
Let u(h) = 14*h + 121. Determine u(-17).
-117
Let o(p) = p**3 - 2*p**2 - 49*p - 32. What is o(-6)?
-26
Let i(s) = 3*s**3 + 174*s**2 + 489*s + 18123. Give i(-57).
-3
Let d(q) = 75*q + 403. Determine d(-6).
-47
Let u(k) = k**2 - 15*k - 9. Give u(17).
25
Let q(g) = -2*g + 236. Determine q(-39).
314
Let l(u) = 2*u**3 - 10*u**2 - 16*u + 1. Determine l(-2).
-23
Let y(c) = -128*c + 2283. Give y(7).
1387
Let q(w) = 31*w + 13. Give q(-9).
-266
Let m(n) = -n**3 - 29*n**2 - 52*n + 232. What is m(-26)?
-444
Let g(q) = 123*q - 238. What is g(0)?
-238
Let l(p) = p**2 + 113*p + 3049. Calculate l(-65).
-71
Let n(c) = -9*c**3 - 4*c**2 - 14*c - 22. Determine n(-2).
62
Let v(x) = -x**2 + 98*x - 219. What is v(96)?
-27
Let l(b) = b**3 + 11*b**2 - 15*b - 7. What is l(-11)?
158
Let p(f) = f**2 - 22*f - 122. Determine p(27).
13
Let j(a) = 5*a - 371. Determine j(77).
14
Let s(x) = 207*x + 59825. What is s(-289)?
2
Let i(v) = 24*v + 550. What is i(-30)?
-170
Let d(l) = l**3 + 4*l**2 + 47*l + 116. Calculate d(-3).
-16
Let x(n) = 203*n**2 - 4865*n - 163. Calculate x(24).
5
Let h(s) = 143*s - 2568. Give h(18).
6
Let y(g) = g**3 + 4*g**2 + 3*g - 2. What is y(-2)?
0
Let w(r) = 9662*r + 48305. Give w(-5).
-5
Let m(u) = 52*u + 7113. Determine m(-137).
-11
Let v(c) = 51*c - 397. Give v(-11).
-958
Let c(v) = -v**3 + 6*v**2 + 13*v + 25. What is c(7)?
67
Let f(u) = -190*u + 7404. Give f(39).
-6
Let r(y) = -2*y**2 + 9*y + 18. Give r(13).
-203
Let m(s) = s**3 - 4*s**2 - 379*s + 2489. Give m(7).
-17
Let f(t) = 73*t - 11156. Determine f(151).
-133
Let n(c) = 22*c**3 - 3*c**2 - 144*c - 140. Calculate n(-1).
-21
Let n(m) = 29*m - 1302. What is n(45)?
3
Let p(r) = 5*r**2 + 238*r - 83. Give p(-45).
-668
Let z(o) = 12*o**2 + 5*o - 4. Determine z(2).
54
Let a(y) = 14*y - 198. Give a(5).
-128
Let a(v) = -486*v - 26. Give a(1).
-512
Let o(g) = 3*g**3 + 25*g**2 - 8*g + 10. Give o(-8).
138
Let i(h) = 4469*h - 17887. Give i(4).
-11
Let l(c) = 531*c - 276. Calculate l(1).
255
Let p(q) = -34919*q + 209513. Give p(6).
-1
Let d(t) = -6*t**2 - 349*t + 32. Determine d(-59).
-263
Let j(o) = -2*o**3 - 186*o**2 - 357*o + 635. What is j(-91)?
-2
Let s(x) = 185*x + 1037. Give s(-6).
-73
Let h(p) = p**3 + 23*p**2 - 176*p + 6. Give h(6).
-6
Let m(c) = 3*c**2 - 104*c + 72. Give m(34).
4
Let b(v) = -14*v**2 - 7*v - 17. Calculate b(-4).
-213
Let a(p) = -p**2 + 87*p - 265. Calculate a(84).
-13
Let v(a) = -34*a - 1845. Determine v(-54).
-9
Let l(q) = 106*q - 1168. What is l(11)?
-2
Let x(f) = -406*f + 8791. What is x(22)?
-141
Let w(c) = -12*c + 227. Give w(21).
-25
Let m(x) = 722*x + 2562. Calculate m(-4).
-326
Let v(g) = 102*g - 19483. Give v(191).
-1
Let z(l) = 6*l + 195. Calculate z(-31).
9
Let o(j) = -j**3 + 9*j**2 - 11*j + 22. Give o(9).
-77
Let u(c) = 4*c**2 + 655*c - 10154. Calculate u(-178).
-8
Let c(d) = d**3 + 26*d**2 + 104*d + 149. Give c(-21).
170
Let k(a) = 14*a + 221. Give k(-39).
-325
Let p(y) = -28*y**3 + 162*y**2 + 30*y + 29. Determine p(6).
-7
Let t(y) = 40*y + 2633. Determine t(-67).
-47
Let m(c) = 22709*c - 22717. What is m(1)?
-8
Let c(o) = -2*o**3 + 69*o**2 - 36*o - 16. What is c(34)?
-84
Let r(j) = -j**2 - 7*j + 1112. Calculate r(-38).
-66
Let f(q) = 107*q + 672. Calculate f(-13).
-719
Let n(i) = i**2 - 273*i - 10792. What is n(-35)?
-12
Let b(a) = -147*a + 3068. Determine b(19).
275
Let b(p) = 22*p - 21. Give b(0).
-21
Let w(f) = 1195*f + 9590. Calculate w(-8).
30
Let s(g) = g**2 - 11*g - 543. Calculate s(27).
-111
Let m(v) = v**3 + 14*v**2 + 19*v - 57. Calculate m(-12).
3
Let f(j) = -j**3 - 18*j**2 + 3*j + 50. Determine f(-18).
-4
Let g(b) = 51*b + 224. Give g(-12).
-388
Let j(r) = 5*r**3 + r**2 + 30*r + 28. Calculate j(-1).
-6
Let r(u) = u**3 - 11*u**2 - 1333*u + 14665. What is r(11)?
2
Let n(q) = 2*q**2 + 5*q + 4. Give n(-7).
67
Let v(m) = 6*m**2 + 296*m - 1194. What is v(4)?
86
Let u(m) = 18*m + 1555. What is u(-86)?
7
Let y(q) = -q**3 + 20*q**2 - 82*q - 17. Give y(14).
11
Let j(h) = h**3 - 6*h**2 - 2028*h + 14206. What is j(7)?
59
Let o(d) = -78*d - 530. Determine o(-7).
16
Let v(r) = -7*r - 41. Determine v(-7).
8
Let f(h) = -5*h**2 + 542*h - 263. Calculate f(108).
-47
Let j(w) = w**2 + 31*w + 174. What is j(-25)?
24
Let r(z) = 11389*z - 45564. Calculate r(4).
-8
Let u(f) = f**3 + 17*f**2 + 55*f - 20. Determine u(-12).
40
Let d(k) = k**2 + 35*k - 52. Determine d(-37).
22
Let a(h) = -11972*h - 179581. Give a(-15).
-1
Let s(y) = 402*y - 31761. Determine s(79).
-3
Let w(u) = -4*u**2 + 15*u + 444. Determine w(12).
48
Let i(r) = r**3 + 7*r**2 - 100*r - 97. Determine i(-14).
-69
Let l(d) = -299*d + 905. Determine l(3).
8
Let s(o) = 232*o + 690. Determine s(-3).
-6
Let t(r) = -2*r**3 + 22*r**2 + 28*r + 12. Give t(12).
60
Let c(f) = 155*f**3 + f**2 - 1. Determine c(1).
155
Let n(b) = -5*b**2 + 76*b - 182. Determine n(13).
-39
Let x(b) = b**3 - 8*b**2 + 8*b - 32. Determine x(7).
-25
Let f(a) = 10*a + 144. Calculate f(-16).
-16
Let j(c) = -100*c - 4. Determine j(-2).
196
Let j(x) = -330*x - 1375. Determine j(-4).
-55
Let d(c) = 36*c - 105. Give d(7).
147
Let f(s) = -12*s + 18. Give f(3).
-18
Let w(d) = -2*d**2 - 5*d + 51. Give w(-8).
-37
Let z(w) = 2*w**3 + 21*w**2 - 81*w - 914. Give z(-10).
-4
Let j(x) = -99*x - 4253. What is j(-43)?
4
Let x(u) = u**3 - 7*u**2 + 10*u - 90. Determine x(7).
-20
Let l(z) = -z**3 - 31*z**2 - 44*z - 446. Determine l(-30).
-26
Let t(b) = 499*b - 493. Give t(1).
6
Let i(p) = -45*p - 324. Determine i(1).
-369
Let m(p) = -7*p**2 + 14*p - 73. What is m(5)?
-178
Let v(f) = -27*f - 131. Calculate v(-7).
58
Let n(q) = 6*q - 42. What is n(7)?
0
Let v(n) = -7*n - 291. Calculate v(-49).
52
Let z(m) = -m**3 - 44*m**2 + 606*m + 104. What is z(